{"id":1014,"date":"2025-02-07T10:49:59","date_gmt":"2025-02-07T09:49:59","guid":{"rendered":"http:\/\/juzbado.es\/nuevaweb\/?page_id=1014"},"modified":"2025-02-07T10:53:43","modified_gmt":"2025-02-07T09:53:43","slug":"libro-abierto","status":"publish","type":"page","link":"https:\/\/juzbado.es\/nuevaweb\/libro-abierto\/","title":{"rendered":"Libro Abierto"},"content":{"rendered":"\n<h3 class=\"wp-block-heading\">LIBRO ABIERTO<\/h3>\n\n\n\n<p class=\"has-text-align-right\">Hay un libro abierto a todos los ojos, el de la Naturaleza.<\/p>\n\n\n\n<p class=\"has-text-align-right\">\u00c9mile, Jean-Jacques Rousseau<\/p>\n\n\n\n<p>En un intento de aunar la literatura con la naturaleza, Juzbado Libro Abierto inicia su trayectoria el 17 de mayo de 2008.&nbsp;&nbsp;En aquella primera ocasi\u00f3n el poeta leon\u00e9s afincado en Salamanca Antonio Colinas (Premio Nacional de Literatura 1982 y Premio Castilla Le\u00f3n de las Letras 1998 y Premio Reina Sofia de poes\u00eda Iberoamericana 2016) ley\u00f3 uno de sus poemas \u00abLa hora del agua\u00bb grabado en una placa situada en la Fuente Nueva, restaurada meses antes.<\/p>\n\n\n\n<p>Desde entonces, en distintos rincones del pueblo van quedando colocadas placas con poemas grabados. Se trata de versos escritos por algunos de los m\u00e1s grandes poetas de la lengua espa\u00f1ola de Espa\u00f1a e Iberoam\u00e9rica. La idea fundamental, del gusto de los poetas a quienes hemos requerido, parte de un concepto inusualmente abierto a la lectura y, especialmente, de la poes\u00eda.&nbsp;&nbsp;Se trata de la manifestaci\u00f3n p\u00fablica m\u00e1s evidente del trabajo del ayuntamiento en la promoci\u00f3n de lectura, vincul\u00e1ndola con los espacios de \u00abestar\u00bb y de \u00abpasar\u00bb, permitiendo que los lectores-paseantes acaben tomando consciencia de una coherencia est\u00e9tica y literaria de su entorno.<\/p>\n\n\n\n<figure class=\"wp-block-image aligncenter size-full\"><img loading=\"lazy\" decoding=\"async\" width=\"452\" height=\"640\" src=\"http:\/\/juzbado.es\/nuevaweb\/wp-content\/uploads\/2025\/02\/image-3.png\" alt=\"\" class=\"wp-image-1126\" srcset=\"https:\/\/juzbado.es\/nuevaweb\/wp-content\/uploads\/2025\/02\/image-3.png 452w, https:\/\/juzbado.es\/nuevaweb\/wp-content\/uploads\/2025\/02\/image-3-212x300.png 212w\" sizes=\"(max-width: 452px) 100vw, 452px\" \/><\/figure>\n\n\n\n<p>El poeta leon\u00e9s afincado en Salamanca Antonio Colinas (Premio Nacional de Literatura 1982, Premio Castilla Le\u00f3n de las Letras 1998 y Premio Reina Sof\u00eda de Poes\u00eda Iberoamericana 2016) ley\u00f3 uno de sus poemas \u00abLa hora del agua\u00bb grabado en una placa situada en la Fuente Nueva, restaurada meses antes.<\/p>\n\n\n\n<p>En el a\u00f1o 2009 Gonzalo Rojas, que no pudo asistir finalmente porque falleci\u00f3 poco antes de viajar a Juzbado, nos bendijo el Libro Abierto de Juzbado desde Chile.&nbsp;&nbsp;Al a\u00f1o siguiente entablamos amistad con Antonio Gamoneda (Premio Nacional de Poes\u00eda 1988, Premio Cervantes y Premio Reina Sof\u00eda de Poes\u00eda Iberoamericana 2006) y en 2011 asistieron juntos Juan Carlos Mestre (Premio Adon\u00e1is 1986 y Premio nacional de Poes\u00eda 2009) y Antonio.&nbsp;<\/p>\n\n\n\n<p>En el a\u00f1o 2012 nos visitaron&nbsp;<a href=\"https:\/\/salamancartvaldia.es\/not\/12612\/el-dia-en-que-felix-grande-regalo-sus-palabras-en-juzbado\/\" target=\"_blank\" rel=\"noreferrer noopener\">F\u00e9lix Grande<\/a>&nbsp;(fallece el 30 de enero de 2014) y Francisca Aguirre (fallece el 13 de abril de 2019), ambos, premios nacionales de poes\u00eda.&nbsp;&nbsp;En&nbsp;<a href=\"https:\/\/salamancartvaldia.es\/not\/35674\/juzbado-libro-abierto-pasea-con-los-versos-de-brines-marzal-y-colinas\" target=\"_blank\" rel=\"noreferrer noopener\">2013<\/a>, nos acompa\u00f1aron los poetas&nbsp;<a href=\"https:\/\/www.cervantes.es\/bibliotecas_documentacion_espanol\/creadores\/brines_francisco.htm\" target=\"_blank\" rel=\"noreferrer noopener\">FranciscoBrines<\/a>, fallecido el 20 de Mayo de 2021 (Premio Miguel de Cervantes 2020, Premio Reina Sof\u00eda de Poes\u00eda Iberoamericana 2010, Premio Nacional de las Letras Espa\u00f1olas 1999 y Premio Nacional de Literatura 1987) y&nbsp;<a href=\"https:\/\/es.wikipedia.org\/wiki\/Carlos_Marzal\" target=\"_blank\" rel=\"noreferrer noopener\">Carlos Marzal<\/a>&nbsp;(Premio de la Cr\u00edtica de poes\u00eda Castellana 2001 y Premio Nacional de Poes\u00eda 2002) y, de nuevo, Antonio Colinas.&nbsp;&nbsp;Al a\u00f1o siguiente, en 2014, acuden a nuestra cita los poetas&nbsp;<a href=\"https:\/\/salamancartvaldia.es\/not\/169664\/dia-pablo-garcia-baena-compartio-palabra-poesia-juzbado\/\" target=\"_blank\" rel=\"noreferrer noopener\">Pablo Garc\u00eda Baena<\/a>&nbsp;(Premio Reina Sof\u00eda de Poes\u00eda iberoamericana 2008, Premio Pr\u00edncipe de Asturias de las Letras 1984) que fallece en enero de 2018 y Antonio Hern\u00e1ndez (Premio Adon\u00e1is, Premio Nacional de la Cr\u00edtica 1994 y 2014 y Premio Andaluc\u00eda de Novela).&nbsp;&nbsp;<\/p>\n\n\n\n<p>En 2015 tenemos la oportunidad de conocer de cerca al chileno Ra\u00fal Zurita (Premio Reina Sof\u00eda de Poes\u00eda Iberoamericana 2020, Premio Pablo Neruda 2016 y Premio nacional de Literatura Chilena 2000) al que acompa\u00f1a de nuevo Antonio Gamoneda.&nbsp;&nbsp;En el a\u00f1o 2016 nos dejan sus versos Joaqu\u00edn Ara\u00fajo (Premio Nacional de Medio Ambiente y Global 500 de la ONU) acompa\u00f1ado de Ra\u00fal Vacas (poeta y escritor afincado en Salamanca) y tambi\u00e9n Mar\u00eda Victoria Atencia (en 2014 se alz\u00f3 con el XXIII Premio Reina Sof\u00eda de Poes\u00eda Iberoamericana, siendo la cuarta mujer en conseguirlo y la primera espa\u00f1ola) y&nbsp;<a href=\"https:\/\/juzbado.blogspot.com\/2020\/05\/chantal-maillard-nos-regala-un-poema.html\" target=\"_blank\" rel=\"noreferrer noopener\">Chantal Maillard<\/a>&nbsp;(Premio Nacional de Poes\u00eda 2004 y Premio Nacional de la Cr\u00edtica 2007).&nbsp;&nbsp;<\/p>\n\n\n\n<p>En 2017 tuvimos la suerte de caminar por nuestras calles junto al poeta chileno&nbsp;<a href=\"https:\/\/juzbado.blogspot.com\/2017\/09\/libro-abierto-2017.html\" target=\"_blank\" rel=\"noreferrer noopener\">\u00d3scar Hahn<\/a>&nbsp;(Premio Iberoamericano de Poes\u00eda Pablo Neruda 2011, Premio Nacional de Literatura en Chile 2012 y Premio Loewe 2014) y al poeta andaluz Jenaro Talens (Premio Internacional Loewe de poes\u00eda 1997, Premio de Poes\u00eda Villa de Madrid 2002 y el Premio de la Cr\u00edtica de Andaluc\u00eda 2003).&nbsp;<\/p>\n\n\n\n<p>La pen\u00faltima visita que hemos recibido ha sido la de la poeta uruguaya&nbsp;<a href=\"https:\/\/juzbado.blogspot.com\/2019\/04\/ida-vitale-libro-abierto-de-2019.html\" target=\"_blank\" rel=\"noreferrer noopener\">Ida Vitale<\/a>&nbsp;que, pocos d\u00edas despu\u00e9s de recibir el Premio Cervantes 2018 en el Paraninfo de la Universidad de Alcal\u00e1 de Henares, estuvo en Juzbado rodeado de cientos de vecinos y amigos. Ley\u00f3 3 poemas en placas de bronce repartidas por el pueblo y recit\u00f3 en la plaza al aire libre porque no cab\u00edamos todos en el sal\u00f3n de actos. Fue un 23 de Abril de 2019.<\/p>\n\n\n\n<figure class=\"wp-block-image aligncenter size-full\"><img loading=\"lazy\" decoding=\"async\" width=\"640\" height=\"288\" src=\"http:\/\/juzbado.es\/nuevaweb\/wp-content\/uploads\/2025\/02\/image-2.png\" alt=\"\" class=\"wp-image-1125\" srcset=\"https:\/\/juzbado.es\/nuevaweb\/wp-content\/uploads\/2025\/02\/image-2.png 640w, https:\/\/juzbado.es\/nuevaweb\/wp-content\/uploads\/2025\/02\/image-2-300x135.png 300w\" sizes=\"(max-width: 640px) 100vw, 640px\" \/><\/figure>\n\n\n\n<p class=\"has-small-font-size\">Ida Vitale vuelve a Juzbado en 2021 para compartir su poes\u00eda en Juzbado.<\/p>\n\n\n\n<p>Luego vino la pandemia y durante muchos meses no pudimos celebrar ni estos eventos po\u00e9ticos ni tampoco otros.&nbsp; Fu\u00e9 el 23 de octubre de 2021 cuando celebramos el \u00faltimo de los encuentros po\u00e9ticos del Libro Abierto.&nbsp; Sucedi\u00f3 en una tarde soleada y luminosa con la&nbsp;<a href=\"https:\/\/juzbado.blogspot.com\/2021\/10\/ida-vitale-inaugurara-el-decimo-segundo.html\" target=\"_blank\" rel=\"noreferrer noopener\">presencia de nuevo de la uruguaya Ida Vitale<\/a>.&nbsp; Volvi\u00f3 a Espa\u00f1a con 97 a\u00f1os y tras varios encuentros en Madrid y Granado viaj\u00f3 a Juzbado para deleitarnos con su&nbsp;<a href=\"https:\/\/juzbado.blogspot.com\/2021\/10\/ida-vitale-vuelve-juzbado.html\" target=\"_blank\" rel=\"noreferrer noopener\">presencia, su voz y sus versos<\/a>.&nbsp; Ley\u00f3 tres poemas rodeada de vecinos y amigos de Juzbado.<br><\/p>\n\n\n\n<figure class=\"wp-block-image aligncenter size-full is-resized\"><img loading=\"lazy\" decoding=\"async\" width=\"640\" height=\"427\" src=\"http:\/\/juzbado.es\/nuevaweb\/wp-content\/uploads\/2025\/02\/image-1.png\" alt=\"\" class=\"wp-image-1124\" style=\"width:840px;height:auto\" srcset=\"https:\/\/juzbado.es\/nuevaweb\/wp-content\/uploads\/2025\/02\/image-1.png 640w, https:\/\/juzbado.es\/nuevaweb\/wp-content\/uploads\/2025\/02\/image-1-300x200.png 300w\" sizes=\"(max-width: 640px) 100vw, 640px\" \/><\/figure>\n\n\n\n<p class=\"has-small-font-size\">Encuentro po\u00e9tico de 2017 con Jenaro Talens (izq.) y \u00d3scar Hahn (dcha.)<\/p>\n\n\n\n<p><\/p>\n\n\n\n<p>La ubicaci\u00f3n de las placas no es desde luego arbitraria.&nbsp;&nbsp;Responde a varios objetivos.&nbsp;&nbsp;Por un lado buscar el simbolismo y complementariedad de espacios p\u00fablicos del pueblo.&nbsp;&nbsp;Por otro, atraer la mirada hacia espacios nunca antes llamativos o apreciados por el observador.&nbsp;&nbsp;El significado simb\u00f3lico de Juzbado, libro abierto alcanza su culmen en la atalaya gran\u00edtica conocida como Pe\u00f1a del Castillo, entorno rocoso salpicado de miradores con poemas entre almendros y olivos. Una realidad donde la literatura y la evocaci\u00f3n po\u00e9tica tienen mucho que ver con la lectura del paisaje, el aprendizaje y, por tanto, el respeto hacia el mundo en que vivimos. La grata sensaci\u00f3n de abandono que puede sentir el lector dej\u00e1ndose llevar por la poes\u00eda en un entorno tan hermoso y sosegado, nos acerca a los anhelos de encuentro con la naturaleza y con la felicidad filos\u00f3fica que Rousseau expresa en Las enso\u00f1aciones del caminante solitario.&nbsp;&nbsp;Es en este entorno de simbiosis entre poes\u00eda y naturaleza donde cobra pleno sentido el a\u00f1adido final que nos sugiri\u00f3 el profesor Valent\u00edn Cabero Di\u00e9guez (Universidad de Salamanca) para el nombre del proyecto: Juzbado, libro abierto del paisaje.<\/p>\n\n\n\n<p><a href=\"https:\/\/www.google.com\/maps\/d\/viewer?mid=10AQ7PcWxD9Smhos4sKKz2jDrX8s&amp;ll=41.07713261324977%2C-5.862216572031571&amp;z=17\" target=\"_blank\" rel=\"noreferrer noopener\"><strong>Visita virtual a las placas de&nbsp; Libro Abierto<\/strong><\/a><\/p>\n","protected":false},"excerpt":{"rendered":"<p>LIBRO ABIERTO Hay un libro abierto a todos los ojos, el de la Naturaleza. \u00c9mile, Jean-Jacques Rousseau En un intento de aunar la literatura con la naturaleza, Juzbado Libro Abierto inicia su trayectoria el 17 de mayo de 2008.&nbsp;&nbsp;En aquella primera ocasi\u00f3n el poeta leon\u00e9s afincado en Salamanca Antonio Colinas (Premio Nacional de Literatura 1982 [&hellip;]<\/p>\n","protected":false},"author":1,"featured_media":0,"parent":0,"menu_order":0,"comment_status":"closed","ping_status":"closed","template":"","meta":{"saved_in_kubio":true,"footnotes":""},"class_list":["post-1014","page","type-page","status-publish","hentry"],"kubio_ai_page_context":{"short_desc":"","purpose":"general"},"_links":{"self":[{"href":"https:\/\/juzbado.es\/nuevaweb\/wp-json\/wp\/v2\/pages\/1014","targetHints":{"allow":["GET"]}}],"collection":[{"href":"https:\/\/juzbado.es\/nuevaweb\/wp-json\/wp\/v2\/pages"}],"about":[{"href":"https:\/\/juzbado.es\/nuevaweb\/wp-json\/wp\/v2\/types\/page"}],"author":[{"embeddable":true,"href":"https:\/\/juzbado.es\/nuevaweb\/wp-json\/wp\/v2\/users\/1"}],"replies":[{"embeddable":true,"href":"https:\/\/juzbado.es\/nuevaweb\/wp-json\/wp\/v2\/comments?post=1014"}],"version-history":[{"count":3,"href":"https:\/\/juzbado.es\/nuevaweb\/wp-json\/wp\/v2\/pages\/1014\/revisions"}],"predecessor-version":[{"id":1130,"href":"https:\/\/juzbado.es\/nuevaweb\/wp-json\/wp\/v2\/pages\/1014\/revisions\/1130"}],"wp:attachment":[{"href":"https:\/\/juzbado.es\/nuevaweb\/wp-json\/wp\/v2\/media?parent=1014"}],"curies":[{"name":"wp","href":"https:\/\/api.w.org\/{rel}","templated":true}]}}

<h3 class="wp-block-heading">LIBRO ABIERTO</h3>



<p class="has-text-align-right">Hay un libro abierto a todos los ojos, el de la Naturaleza.</p>



<p class="has-text-align-right">Émile, Jean-Jacques Rousseau</p>



<p>En un intento de aunar la literatura con la naturaleza, Juzbado Libro Abierto inicia su trayectoria el 17 de mayo de 2008.&nbsp;&nbsp;En aquella primera ocasión el poeta leonés afincado en Salamanca Antonio Colinas (Premio Nacional de Literatura 1982 y Premio Castilla León de las Letras 1998 y Premio Reina Sofia de poesía Iberoamericana 2016) leyó uno de sus poemas «La hora del agua» grabado en una placa situada en la Fuente Nueva, restaurada meses antes.</p>



<p>Desde entonces, en distintos rincones del pueblo van quedando colocadas placas con poemas grabados. Se trata de versos escritos por algunos de los más grandes poetas de la lengua española de España e Iberoamérica. La idea fundamental, del gusto de los poetas a quienes hemos requerido, parte de un concepto inusualmente abierto a la lectura y, especialmente, de la poesía.&nbsp;&nbsp;Se trata de la manifestación pública más evidente del trabajo del ayuntamiento en la promoción de lectura, vinculándola con los espacios de «estar» y de «pasar», permitiendo que los lectores-paseantes acaben tomando consciencia de una coherencia estética y literaria de su entorno.</p>



<figure class="wp-block-image aligncenter size-full"><img loading="lazy" decoding="async" width="452" height="640" src="http://juzbado.es/nuevaweb/wp-content/uploads/2025/02/image-3.png" alt="" class="wp-image-1126" srcset="https://juzbado.es/nuevaweb/wp-content/uploads/2025/02/image-3.png 452w, https://juzbado.es/nuevaweb/wp-content/uploads/2025/02/image-3-212x300.png 212w" sizes="(max-width: 452px) 100vw, 452px" /></figure>



<p>El poeta leonés afincado en Salamanca Antonio Colinas (Premio Nacional de Literatura 1982, Premio Castilla León de las Letras 1998 y Premio Reina Sofía de Poesía Iberoamericana 2016) leyó uno de sus poemas «La hora del agua» grabado en una placa situada en la Fuente Nueva, restaurada meses antes.</p>



<p>En el año 2009 Gonzalo Rojas, que no pudo asistir finalmente porque falleció poco antes de viajar a Juzbado, nos bendijo el Libro Abierto de Juzbado desde Chile.&nbsp;&nbsp;Al año siguiente entablamos amistad con Antonio Gamoneda (Premio Nacional de Poesía 1988, Premio Cervantes y Premio Reina Sofía de Poesía Iberoamericana 2006) y en 2011 asistieron juntos Juan Carlos Mestre (Premio Adonáis 1986 y Premio nacional de Poesía 2009) y Antonio.&nbsp;</p>



<p>En el año 2012 nos visitaron&nbsp;<a href="https://salamancartvaldia.es/not/12612/el-dia-en-que-felix-grande-regalo-sus-palabras-en-juzbado/" target="_blank" rel="noreferrer noopener">Félix Grande</a>&nbsp;(fallece el 30 de enero de 2014) y Francisca Aguirre (fallece el 13 de abril de 2019), ambos, premios nacionales de poesía.&nbsp;&nbsp;En&nbsp;<a href="https://salamancartvaldia.es/not/35674/juzbado-libro-abierto-pasea-con-los-versos-de-brines-marzal-y-colinas" target="_blank" rel="noreferrer noopener">2013</a>, nos acompañaron los poetas&nbsp;<a href="https://www.cervantes.es/bibliotecas_documentacion_espanol/creadores/brines_francisco.htm" target="_blank" rel="noreferrer noopener">FranciscoBrines</a>, fallecido el 20 de Mayo de 2021 (Premio Miguel de Cervantes 2020, Premio Reina Sofía de Poesía Iberoamericana 2010, Premio Nacional de las Letras Españolas 1999 y Premio Nacional de Literatura 1987) y&nbsp;<a href="https://es.wikipedia.org/wiki/Carlos_Marzal" target="_blank" rel="noreferrer noopener">Carlos Marzal</a>&nbsp;(Premio de la Crítica de poesía Castellana 2001 y Premio Nacional de Poesía 2002) y, de nuevo, Antonio Colinas.&nbsp;&nbsp;Al año siguiente, en 2014, acuden a nuestra cita los poetas&nbsp;<a href="https://salamancartvaldia.es/not/169664/dia-pablo-garcia-baena-compartio-palabra-poesia-juzbado/" target="_blank" rel="noreferrer noopener">Pablo García Baena</a>&nbsp;(Premio Reina Sofía de Poesía iberoamericana 2008, Premio Príncipe de Asturias de las Letras 1984) que fallece en enero de 2018 y Antonio Hernández (Premio Adonáis, Premio Nacional de la Crítica 1994 y 2014 y Premio Andalucía de Novela).&nbsp;&nbsp;</p>



<p>En 2015 tenemos la oportunidad de conocer de cerca al chileno Raúl Zurita (Premio Reina Sofía de Poesía Iberoamericana 2020, Premio Pablo Neruda 2016 y Premio nacional de Literatura Chilena 2000) al que acompaña de nuevo Antonio Gamoneda.&nbsp;&nbsp;En el año 2016 nos dejan sus versos Joaquín Araújo (Premio Nacional de Medio Ambiente y Global 500 de la ONU) acompañado de Raúl Vacas (poeta y escritor afincado en Salamanca) y también María Victoria Atencia (en 2014 se alzó con el XXIII Premio Reina Sofía de Poesía Iberoamericana, siendo la cuarta mujer en conseguirlo y la primera española) y&nbsp;<a href="https://juzbado.blogspot.com/2020/05/chantal-maillard-nos-regala-un-poema.html" target="_blank" rel="noreferrer noopener">Chantal Maillard</a>&nbsp;(Premio Nacional de Poesía 2004 y Premio Nacional de la Crítica 2007).&nbsp;&nbsp;</p>



<p>En 2017 tuvimos la suerte de caminar por nuestras calles junto al poeta chileno&nbsp;<a href="https://juzbado.blogspot.com/2017/09/libro-abierto-2017.html" target="_blank" rel="noreferrer noopener">Óscar Hahn</a>&nbsp;(Premio Iberoamericano de Poesía Pablo Neruda 2011, Premio Nacional de Literatura en Chile 2012 y Premio Loewe 2014) y al poeta andaluz Jenaro Talens (Premio Internacional Loewe de poesía 1997, Premio de Poesía Villa de Madrid 2002 y el Premio de la Crítica de Andalucía 2003).&nbsp;</p>



<p>La penúltima visita que hemos recibido ha sido la de la poeta uruguaya&nbsp;<a href="https://juzbado.blogspot.com/2019/04/ida-vitale-libro-abierto-de-2019.html" target="_blank" rel="noreferrer noopener">Ida Vitale</a>&nbsp;que, pocos días después de recibir el Premio Cervantes 2018 en el Paraninfo de la Universidad de Alcalá de Henares, estuvo en Juzbado rodeado de cientos de vecinos y amigos. Leyó 3 poemas en placas de bronce repartidas por el pueblo y recitó en la plaza al aire libre porque no cabíamos todos en el salón de actos. Fue un 23 de Abril de 2019.</p>



<figure class="wp-block-image aligncenter size-full"><img loading="lazy" decoding="async" width="640" height="288" src="http://juzbado.es/nuevaweb/wp-content/uploads/2025/02/image-2.png" alt="" class="wp-image-1125" srcset="https://juzbado.es/nuevaweb/wp-content/uploads/2025/02/image-2.png 640w, https://juzbado.es/nuevaweb/wp-content/uploads/2025/02/image-2-300x135.png 300w" sizes="(max-width: 640px) 100vw, 640px" /></figure>



<p class="has-small-font-size">Ida Vitale vuelve a Juzbado en 2021 para compartir su poesía en Juzbado.</p>



<p>Luego vino la pandemia y durante muchos meses no pudimos celebrar ni estos eventos poéticos ni tampoco otros.&nbsp; Fué el 23 de octubre de 2021 cuando celebramos el último de los encuentros poéticos del Libro Abierto.&nbsp; Sucedió en una tarde soleada y luminosa con la&nbsp;<a href="https://juzbado.blogspot.com/2021/10/ida-vitale-inaugurara-el-decimo-segundo.html" target="_blank" rel="noreferrer noopener">presencia de nuevo de la uruguaya Ida Vitale</a>.&nbsp; Volvió a España con 97 años y tras varios encuentros en Madrid y Granado viajó a Juzbado para deleitarnos con su&nbsp;<a href="https://juzbado.blogspot.com/2021/10/ida-vitale-vuelve-juzbado.html" target="_blank" rel="noreferrer noopener">presencia, su voz y sus versos</a>.&nbsp; Leyó tres poemas rodeada de vecinos y amigos de Juzbado.<br></p>



<figure class="wp-block-image aligncenter size-full is-resized"><img loading="lazy" decoding="async" width="640" height="427" src="http://juzbado.es/nuevaweb/wp-content/uploads/2025/02/image-1.png" alt="" class="wp-image-1124" style="width:840px;height:auto" srcset="https://juzbado.es/nuevaweb/wp-content/uploads/2025/02/image-1.png 640w, https://juzbado.es/nuevaweb/wp-content/uploads/2025/02/image-1-300x200.png 300w" sizes="(max-width: 640px) 100vw, 640px" /></figure>



<p class="has-small-font-size">Encuentro poético de 2017 con Jenaro Talens (izq.) y Óscar Hahn (dcha.)</p>



<p></p>



<p>La ubicación de las placas no es desde luego arbitraria.&nbsp;&nbsp;Responde a varios objetivos.&nbsp;&nbsp;Por un lado buscar el simbolismo y complementariedad de espacios públicos del pueblo.&nbsp;&nbsp;Por otro, atraer la mirada hacia espacios nunca antes llamativos o apreciados por el observador.&nbsp;&nbsp;El significado simbólico de Juzbado, libro abierto alcanza su culmen en la atalaya granítica conocida como Peña del Castillo, entorno rocoso salpicado de miradores con poemas entre almendros y olivos. Una realidad donde la literatura y la evocación poética tienen mucho que ver con la lectura del paisaje, el aprendizaje y, por tanto, el respeto hacia el mundo en que vivimos. La grata sensación de abandono que puede sentir el lector dejándose llevar por la poesía en un entorno tan hermoso y sosegado, nos acerca a los anhelos de encuentro con la naturaleza y con la felicidad filosófica que Rousseau expresa en Las ensoñaciones del caminante solitario.&nbsp;&nbsp;Es en este entorno de simbiosis entre poesía y naturaleza donde cobra pleno sentido el añadido final que nos sugirió el profesor Valentín Cabero Diéguez (Universidad de Salamanca) para el nombre del proyecto: Juzbado, libro abierto del paisaje.</p>



<p><a href="https://www.google.com/maps/d/viewer?mid=10AQ7PcWxD9Smhos4sKKz2jDrX8s&amp;ll=41.07713261324977%2C-5.862216572031571&amp;z=17" target="_blank" rel="noreferrer noopener"><strong>Visita virtual a las placas de&nbsp; Libro Abierto</strong></a></p>

<p>LIBRO ABIERTO Hay un libro abierto a todos los ojos, el de la Naturaleza. Émile, Jean-Jacques Rousseau En un intento de aunar la literatura con la naturaleza, Juzbado Libro Abierto inicia su trayectoria el 17 de mayo de 2008.&nbsp;&nbsp;En aquella primera ocasión el poeta leonés afincado en Salamanca Antonio Colinas (Premio Nacional de Literatura 1982 [&hellip;]</p>
