{"id":1207,"date":"2025-03-06T11:06:34","date_gmt":"2025-03-06T10:06:34","guid":{"rendered":"http:\/\/juzbado.es\/nuevaweb\/?page_id=1207"},"modified":"2025-03-06T11:06:34","modified_gmt":"2025-03-06T10:06:34","slug":"museo-de-la-falla","status":"publish","type":"page","link":"https:\/\/juzbado.es\/nuevaweb\/museo-de-la-falla\/","title":{"rendered":"MUSEO DE LA FALLA"},"content":{"rendered":"\n<h3 class=\"wp-block-heading\">MUSEO DE LA FALLA<\/h3>\n\n\n\n<p>El&nbsp;<a href=\"http:\/\/www.museodelafalla.com\/\" target=\"_blank\" rel=\"noreferrer noopener\">Museo de la Falla de Juzbado<\/a>&nbsp;es un centro de interpretaci\u00f3n pionero en Castilla y Le\u00f3n, que gira en torno a una estrucutura geol\u00f3gica de m\u00e1s de 160 km. de longitud entre Espa\u00f1a y Portugal. El Museo est\u00e1 situado en una antigua casa tradicional transformada en 2014, sobre la Pe\u00f1a del Castillo y cuenta con un amplio espacio exterior con amplias vistas panor\u00e1micas al r\u00edo Tormes y su ribera.<\/p>\n\n\n\n<p>La visita del centro recorre a lo largo de 5 \u00e1reas tem\u00e1ticas, repartidas en dos plantas, los aspectos m\u00e1s significativos de la geolog\u00eda a trav\u00e9s de maquetas, fotograf\u00edas y planos.\u00a0 Los tipos de fallas geol\u00f3gicas, los granitos y pizarras, el paisaje, las herramientas del ge\u00f3logo y la evoluci\u00f3n geol\u00f3gica de los paisajes juzbadinos son algunas de las tem\u00e1ticas. Tambi\u00e9n cuenta con un cortometraje documental que narra el descubrimiento de la falla hace m\u00e1s de 50 a\u00f1os.<\/p>\n\n\n\n<p>El museo adem\u00e1s, ofrece una senda autoguiada por el exterior que se denomina \u00ab<a href=\"https:\/\/drive.google.com\/file\/d\/1JPV-oYgmi_qXAI7fPSbCF6ZiT3qvoweL\/view\" target=\"_blank\" rel=\"noreferrer noopener\">Senda de Los Bru\u00f1os<\/a>\u00bb y que enlaza con&nbsp;<a href=\"https:\/\/drive.google.com\/file\/d\/0B0vjVkzdPU3OTVdGWUZKUWNhSUk\/view\" target=\"_blank\" rel=\"noreferrer noopener\">otros caminos tradicionales<\/a>. Se recomienda un paseo por los berrocales de la Pe\u00f1a del Castillo, escenario de la propuesta cultural \u201c<a href=\"https:\/\/juzbado.blogspot.com\/p\/libro-abierto.html\" target=\"_blank\" rel=\"noreferrer noopener\">Juzbado, Libro Abierto<\/a>\u201d o bajar hacia la ribera tormesina, especialmente el primavera y oto\u00f1o.&nbsp; Durante los \u00faltimos a\u00f1os se ha ido conformando una escuela de escalada en las pe\u00f1as y berrocales.&nbsp; Aqu\u00ed obtendr\u00e1s&nbsp;<a href=\"https:\/\/juzbado.blogspot.com\/2021\/02\/una-escuela-de-escalada-cerca-de.html\" target=\"_blank\" rel=\"noreferrer noopener\">m\u00e1s informaci\u00f3n<\/a>.<\/p>\n\n\n\n<p><strong>ATENCI\u00d3N Y VISITAS INVIERNO Y PRIMAVERA 2025:<\/strong><\/p>\n\n\n\n<p>Las visitas al Museo de la Falla a partir de Enero de 2025 se podr\u00e1n realizar los s\u00e1bados y domingos entre las 11:00 h. y las 14:00 h..\u00a0 Para concertar visitas fuera de este horario pod\u00e9is escribirnos al correo: museodelafalla@gmail.com o llamarnos por tel\u00e9fono (923 32 13 36) en los siguientes horarios: lunes y viernes de 9:00 h. a 14:00 h.<\/p>\n\n\n\n<p><strong><a href=\"http:\/\/www.museodelafalla.com\/\" target=\"_blank\" rel=\"noreferrer noopener\">Visita la web del museo para ampliar informaci\u00f3n<\/a><\/strong><\/p>\n\n\n\n<figure class=\"wp-block-image aligncenter size-full\"><img loading=\"lazy\" decoding=\"async\" width=\"640\" height=\"104\" src=\"http:\/\/juzbado.es\/nuevaweb\/wp-content\/uploads\/2025\/03\/header-logos.jpg\" alt=\"\" class=\"wp-image-1208\" srcset=\"https:\/\/juzbado.es\/nuevaweb\/wp-content\/uploads\/2025\/03\/header-logos.jpg 640w, https:\/\/juzbado.es\/nuevaweb\/wp-content\/uploads\/2025\/03\/header-logos-300x49.jpg 300w\" sizes=\"(max-width: 640px) 100vw, 640px\" \/><\/figure>\n\n\n\n<p><\/p>\n","protected":false},"excerpt":{"rendered":"<p>MUSEO DE LA FALLA El&nbsp;Museo de la Falla de Juzbado&nbsp;es un centro de interpretaci\u00f3n pionero en Castilla y Le\u00f3n, que gira en torno a una estrucutura geol\u00f3gica de m\u00e1s de 160 km. de longitud entre Espa\u00f1a y Portugal. El Museo est\u00e1 situado en una antigua casa tradicional transformada en 2014, sobre la Pe\u00f1a del Castillo [&hellip;]<\/p>\n","protected":false},"author":1,"featured_media":0,"parent":0,"menu_order":0,"comment_status":"closed","ping_status":"closed","template":"","meta":{"saved_in_kubio":false,"footnotes":""},"class_list":["post-1207","page","type-page","status-publish","hentry"],"kubio_ai_page_context":{"short_desc":"","purpose":"general"},"_links":{"self":[{"href":"https:\/\/juzbado.es\/nuevaweb\/wp-json\/wp\/v2\/pages\/1207","targetHints":{"allow":["GET"]}}],"collection":[{"href":"https:\/\/juzbado.es\/nuevaweb\/wp-json\/wp\/v2\/pages"}],"about":[{"href":"https:\/\/juzbado.es\/nuevaweb\/wp-json\/wp\/v2\/types\/page"}],"author":[{"embeddable":true,"href":"https:\/\/juzbado.es\/nuevaweb\/wp-json\/wp\/v2\/users\/1"}],"replies":[{"embeddable":true,"href":"https:\/\/juzbado.es\/nuevaweb\/wp-json\/wp\/v2\/comments?post=1207"}],"version-history":[{"count":1,"href":"https:\/\/juzbado.es\/nuevaweb\/wp-json\/wp\/v2\/pages\/1207\/revisions"}],"predecessor-version":[{"id":1209,"href":"https:\/\/juzbado.es\/nuevaweb\/wp-json\/wp\/v2\/pages\/1207\/revisions\/1209"}],"wp:attachment":[{"href":"https:\/\/juzbado.es\/nuevaweb\/wp-json\/wp\/v2\/media?parent=1207"}],"curies":[{"name":"wp","href":"https:\/\/api.w.org\/{rel}","templated":true}]}}

<h3 class="wp-block-heading">MUSEO DE LA FALLA</h3>



<p>El&nbsp;<a href="http://www.museodelafalla.com/" target="_blank" rel="noreferrer noopener">Museo de la Falla de Juzbado</a>&nbsp;es un centro de interpretación pionero en Castilla y León, que gira en torno a una estrucutura geológica de más de 160 km. de longitud entre España y Portugal. El Museo está situado en una antigua casa tradicional transformada en 2014, sobre la Peña del Castillo y cuenta con un amplio espacio exterior con amplias vistas panorámicas al río Tormes y su ribera.</p>



<p>La visita del centro recorre a lo largo de 5 áreas temáticas, repartidas en dos plantas, los aspectos más significativos de la geología a través de maquetas, fotografías y planos.  Los tipos de fallas geológicas, los granitos y pizarras, el paisaje, las herramientas del geólogo y la evolución geológica de los paisajes juzbadinos son algunas de las temáticas. También cuenta con un cortometraje documental que narra el descubrimiento de la falla hace más de 50 años.</p>



<p>El museo además, ofrece una senda autoguiada por el exterior que se denomina «<a href="https://drive.google.com/file/d/1JPV-oYgmi_qXAI7fPSbCF6ZiT3qvoweL/view" target="_blank" rel="noreferrer noopener">Senda de Los Bruños</a>» y que enlaza con&nbsp;<a href="https://drive.google.com/file/d/0B0vjVkzdPU3OTVdGWUZKUWNhSUk/view" target="_blank" rel="noreferrer noopener">otros caminos tradicionales</a>. Se recomienda un paseo por los berrocales de la Peña del Castillo, escenario de la propuesta cultural “<a href="https://juzbado.blogspot.com/p/libro-abierto.html" target="_blank" rel="noreferrer noopener">Juzbado, Libro Abierto</a>” o bajar hacia la ribera tormesina, especialmente el primavera y otoño.&nbsp; Durante los últimos años se ha ido conformando una escuela de escalada en las peñas y berrocales.&nbsp; Aquí obtendrás&nbsp;<a href="https://juzbado.blogspot.com/2021/02/una-escuela-de-escalada-cerca-de.html" target="_blank" rel="noreferrer noopener">más información</a>.</p>



<p><strong>ATENCIÓN Y VISITAS INVIERNO Y PRIMAVERA 2025:</strong></p>



<p>Las visitas al Museo de la Falla a partir de Enero de 2025 se podrán realizar los sábados y domingos entre las 11:00 h. y las 14:00 h..  Para concertar visitas fuera de este horario podéis escribirnos al correo: museodelafalla@gmail.com o llamarnos por teléfono (923 32 13 36) en los siguientes horarios: lunes y viernes de 9:00 h. a 14:00 h.</p>



<p><strong><a href="http://www.museodelafalla.com/" target="_blank" rel="noreferrer noopener">Visita la web del museo para ampliar información</a></strong></p>



<figure class="wp-block-image aligncenter size-full"><img loading="lazy" decoding="async" width="640" height="104" src="http://juzbado.es/nuevaweb/wp-content/uploads/2025/03/header-logos.jpg" alt="" class="wp-image-1208" srcset="https://juzbado.es/nuevaweb/wp-content/uploads/2025/03/header-logos.jpg 640w, https://juzbado.es/nuevaweb/wp-content/uploads/2025/03/header-logos-300x49.jpg 300w" sizes="(max-width: 640px) 100vw, 640px" /></figure>



<p></p>

<p>MUSEO DE LA FALLA El&nbsp;Museo de la Falla de Juzbado&nbsp;es un centro de interpretación pionero en Castilla y León, que gira en torno a una estrucutura geológica de más de 160 km. de longitud entre España y Portugal. El Museo está situado en una antigua casa tradicional transformada en 2014, sobre la Peña del Castillo [&hellip;]</p>
