{"id":1315,"date":"2025-03-06T13:49:00","date_gmt":"2025-03-06T12:49:00","guid":{"rendered":"http:\/\/juzbado.es\/nuevaweb\/?page_id=1315"},"modified":"2025-06-18T20:39:41","modified_gmt":"2025-06-18T18:39:41","slug":"piscinas","status":"publish","type":"page","link":"https:\/\/juzbado.es\/nuevaweb\/piscinas\/","title":{"rendered":"PISCINAS"},"content":{"rendered":"\n<h3 class=\"wp-block-heading\">PISCINAS 2025<\/h3>\n\n\n\n<p>Este a\u00f1o abrimos las piscinas municipales de Juzbado desde el 14 de junio hasta el 7 de septiembre.&nbsp;&nbsp; Las nuevas tarifas actualizadas&nbsp;(entradas y abonos)&nbsp;est\u00e1n a vuestra disposici\u00f3n aqu\u00ed abajo.&nbsp; Con respecto a los abonos se podr\u00e1n retirar a partir del LUNES 9 DE JUNIO en el Ayuntamiento de Juzbado.<\/p>\n\n\n\n<p><strong>INFORMACI\u00d3N SOBRE LAS PISCINAS MUNICIPALES:<\/strong> 923 321336 (Ayuntamiento de Juzbado)<\/p>\n\n\n\n<p><strong>INFORMACI\u00d3N SOBRE EL BAR RESTAURANTE LAS PISCINAS:<\/strong> 615 76 73 14 \/ 618 85 62 37 (informaci\u00f3n y reservas)<\/p>\n\n\n\n<figure class=\"wp-block-image size-large\"><img loading=\"lazy\" decoding=\"async\" width=\"724\" height=\"1024\" src=\"https:\/\/juzbado.es\/nuevaweb\/wp-content\/uploads\/2025\/06\/cbf0103e-8b62-4f2f-883f-c294b8cfa283-724x1024.jpeg\" alt=\"\" class=\"wp-image-1523\" srcset=\"https:\/\/juzbado.es\/nuevaweb\/wp-content\/uploads\/2025\/06\/cbf0103e-8b62-4f2f-883f-c294b8cfa283-724x1024.jpeg 724w, https:\/\/juzbado.es\/nuevaweb\/wp-content\/uploads\/2025\/06\/cbf0103e-8b62-4f2f-883f-c294b8cfa283-212x300.jpeg 212w, https:\/\/juzbado.es\/nuevaweb\/wp-content\/uploads\/2025\/06\/cbf0103e-8b62-4f2f-883f-c294b8cfa283-768x1086.jpeg 768w, https:\/\/juzbado.es\/nuevaweb\/wp-content\/uploads\/2025\/06\/cbf0103e-8b62-4f2f-883f-c294b8cfa283-1086x1536.jpeg 1086w, https:\/\/juzbado.es\/nuevaweb\/wp-content\/uploads\/2025\/06\/cbf0103e-8b62-4f2f-883f-c294b8cfa283-763x1080.jpeg 763w, https:\/\/juzbado.es\/nuevaweb\/wp-content\/uploads\/2025\/06\/cbf0103e-8b62-4f2f-883f-c294b8cfa283.jpeg 1131w\" sizes=\"(max-width: 724px) 100vw, 724px\" \/><\/figure>\n\n\n\n<p><strong><br><br><\/strong><\/p>\n\n\n\n<p>Juzbado&nbsp;cuenta con unas&nbsp;instalaciones municipales para el ba\u00f1o durante la temporada de verano en el Complejo Deportivo de Los Berrocales.&nbsp;&nbsp;Adem\u00e1s de las piscinas municpiales, el complejo deportivo&nbsp;<strong>ofrece varios equipamientos<\/strong>&nbsp;como un front\u00f3n, una cancha de futbito, un roc\u00f3dromo para la pr\u00e1ctica del&nbsp;<em>boulder<\/em>, aparatos biosaludables, un \u00e1rea de juego infantil y espacios naturalizados.<\/p>\n\n\n\n<p><\/p>\n\n\n\n<p><br>La piscina municipal cuenta con dos vasos, uno principal y un pediluvio para los m\u00e1s peque\u00f1os y que est\u00e1n a disposici\u00f3n de los vecinos y el p\u00fablico en general durante los meses de verano.&nbsp;&nbsp;Se trata de un recinto con c\u00e9sped y encinas con una superficie de m\u00e1s de media hect\u00e1rea&nbsp;y que est\u00e1 situado&nbsp;sobre una atalaya gran\u00edtica&nbsp;en el extremo occidental del pueblo.&nbsp; Un lugar que permite el encuentro, el ocio y el descanso de familias, amigos y grupos.<\/p>\n\n\n\n<p>Las piscinas municipales disponen de&nbsp;<strong>vestuarios y cuartos de ba\u00f1o&nbsp;<\/strong><strong>adaptados y a<\/strong><strong>ccesibles<\/strong>.&nbsp; El vaso principal es accesible mediante rampa y tiene una superficie de casi 400 metros cuadrados. El recinto cuenta adem\u00e1s con un&nbsp;<strong>pediluvio inf<\/strong><strong>antil<\/strong>&nbsp;circular y zona de playa perimetrada.&nbsp;&nbsp;Los espacios de playa m\u00e1s pr\u00f3ximos a la piscina y aquellos que la rodean son de c\u00e9sped natural, est\u00e1n salpicados por encinas y brindan unas vistas inigualables de toda la ribera del r\u00edo Tormes y de los paisajes del Campo Charro.<br>&nbsp;<\/p>\n\n\n\n<figure class=\"wp-block-image\"><a href=\"https:\/\/blogger.googleusercontent.com\/img\/b\/R29vZ2xl\/AVvXsEiJjzkc0NCVTr9ZRK3GjA4_u4-J8SKt8LZaAAC-kau0mH1EWnzMjogSFmvZdKR3lSOAQtVgIec0zqnx6hKchRTYCIBCVNzX4Qb-ikbTeC14x2Oifz1zJG0eCrWfcEP5Rmdn9gIQBxDp0UY\/s623\/banner+piscinas.png\"><img decoding=\"async\" src=\"https:\/\/blogger.googleusercontent.com\/img\/b\/R29vZ2xl\/AVvXsEiJjzkc0NCVTr9ZRK3GjA4_u4-J8SKt8LZaAAC-kau0mH1EWnzMjogSFmvZdKR3lSOAQtVgIec0zqnx6hKchRTYCIBCVNzX4Qb-ikbTeC14x2Oifz1zJG0eCrWfcEP5Rmdn9gIQBxDp0UY\/w640-h428\/banner+piscinas.png\" alt=\"\"\/><\/a><\/figure>\n\n\n\n<p>En la parte exterior del recinto podr\u00e1s disfrutar adem\u00e1s de dos grandes murales.&nbsp; el primero es el&nbsp;<strong><a href=\"http:\/\/juzbado.blogspot.com.es\/2016\/11\/dialogos-con-la-naturaleza-y-el-arte-en.html\" target=\"_blank\" rel=\"noreferrer noopener\">gran mural al aire libre titulado \u00abLibro abierto de Juzbado\u00bb<\/a>&nbsp;<\/strong>realizado por los artistas&nbsp;<a href=\"http:\/\/juzbado.blogspot.com.es\/2016\/12\/nuestro-libro-abierto-en-la-television.html\" target=\"_blank\" rel=\"noreferrer noopener\">J<\/a><a href=\"http:\/\/juzbado.blogspot.com.es\/2016\/12\/nuestro-libro-abierto-en-la-television.html\" target=\"_blank\" rel=\"noreferrer noopener\">oaqu\u00edn Vila y Pablo S. H<\/a><a href=\"http:\/\/juzbado.blogspot.com.es\/2016\/12\/nuestro-libro-abierto-en-la-television.html\" target=\"_blank\" rel=\"noreferrer noopener\">errero<\/a>.&nbsp; Y el segundo mural lo firm\u00f3&nbsp;<a href=\"https:\/\/www.instagram.com\/artesprada\/\" target=\"_blank\" rel=\"noreferrer noopener\">ArtesPrada<\/a>&nbsp;en 2018 y se titula \u00abEl beso\u00bb.<\/p>\n\n\n\n<figure class=\"wp-block-gallery has-nested-images columns-default is-cropped wp-block-gallery-1 is-layout-flex wp-block-gallery-is-layout-flex\">\n<figure class=\"wp-block-image size-full\"><img loading=\"lazy\" decoding=\"async\" width=\"400\" height=\"300\" data-id=\"1323\" src=\"http:\/\/juzbado.es\/nuevaweb\/wp-content\/uploads\/2025\/03\/joaquin-vila-pablo-herrero-mural-juzbado-10-3.jpeg\" alt=\"\" class=\"wp-image-1323\" srcset=\"https:\/\/juzbado.es\/nuevaweb\/wp-content\/uploads\/2025\/03\/joaquin-vila-pablo-herrero-mural-juzbado-10-3.jpeg 400w, https:\/\/juzbado.es\/nuevaweb\/wp-content\/uploads\/2025\/03\/joaquin-vila-pablo-herrero-mural-juzbado-10-3-300x225.jpeg 300w\" sizes=\"(max-width: 400px) 100vw, 400px\" \/><\/figure>\n\n\n\n<figure class=\"wp-block-image size-large\"><img loading=\"lazy\" decoding=\"async\" width=\"403\" height=\"227\" data-id=\"1319\" src=\"http:\/\/juzbado.es\/nuevaweb\/wp-content\/uploads\/2025\/03\/Mural-Juzbado-ArtesPrada.jpg\" alt=\"\" class=\"wp-image-1319\" srcset=\"https:\/\/juzbado.es\/nuevaweb\/wp-content\/uploads\/2025\/03\/Mural-Juzbado-ArtesPrada.jpg 403w, https:\/\/juzbado.es\/nuevaweb\/wp-content\/uploads\/2025\/03\/Mural-Juzbado-ArtesPrada-300x169.jpg 300w\" sizes=\"(max-width: 403px) 100vw, 403px\" \/><\/figure>\n\n\n\n<figure class=\"wp-block-image size-large\"><img loading=\"lazy\" decoding=\"async\" width=\"400\" height=\"267\" data-id=\"1320\" src=\"http:\/\/juzbado.es\/nuevaweb\/wp-content\/uploads\/2025\/03\/DSC_4665-01-01.jpeg\" alt=\"\" class=\"wp-image-1320\" srcset=\"https:\/\/juzbado.es\/nuevaweb\/wp-content\/uploads\/2025\/03\/DSC_4665-01-01.jpeg 400w, https:\/\/juzbado.es\/nuevaweb\/wp-content\/uploads\/2025\/03\/DSC_4665-01-01-300x200.jpeg 300w\" sizes=\"(max-width: 400px) 100vw, 400px\" \/><\/figure>\n\n\n\n<figure class=\"wp-block-image size-full\"><img loading=\"lazy\" decoding=\"async\" width=\"402\" height=\"268\" data-id=\"1324\" src=\"http:\/\/juzbado.es\/nuevaweb\/wp-content\/uploads\/2025\/03\/DSC_8467-01-1.jpeg\" alt=\"\" class=\"wp-image-1324\" srcset=\"https:\/\/juzbado.es\/nuevaweb\/wp-content\/uploads\/2025\/03\/DSC_8467-01-1.jpeg 402w, https:\/\/juzbado.es\/nuevaweb\/wp-content\/uploads\/2025\/03\/DSC_8467-01-1-300x200.jpeg 300w\" sizes=\"(max-width: 402px) 100vw, 402px\" \/><\/figure>\n<\/figure>\n","protected":false},"excerpt":{"rendered":"<p>PISCINAS 2025 Este a\u00f1o abrimos las piscinas municipales de Juzbado desde el 14 de junio hasta el 7 de septiembre.&nbsp;&nbsp; Las nuevas tarifas actualizadas&nbsp;(entradas y abonos)&nbsp;est\u00e1n a vuestra disposici\u00f3n aqu\u00ed abajo.&nbsp; Con respecto a los abonos se podr\u00e1n retirar a partir del LUNES 9 DE JUNIO en el Ayuntamiento de Juzbado. INFORMACI\u00d3N SOBRE LAS PISCINAS [&hellip;]<\/p>\n","protected":false},"author":1,"featured_media":0,"parent":0,"menu_order":0,"comment_status":"closed","ping_status":"closed","template":"","meta":{"saved_in_kubio":true,"footnotes":""},"class_list":["post-1315","page","type-page","status-publish","hentry"],"kubio_ai_page_context":{"short_desc":"","purpose":"general"},"_links":{"self":[{"href":"https:\/\/juzbado.es\/nuevaweb\/wp-json\/wp\/v2\/pages\/1315","targetHints":{"allow":["GET"]}}],"collection":[{"href":"https:\/\/juzbado.es\/nuevaweb\/wp-json\/wp\/v2\/pages"}],"about":[{"href":"https:\/\/juzbado.es\/nuevaweb\/wp-json\/wp\/v2\/types\/page"}],"author":[{"embeddable":true,"href":"https:\/\/juzbado.es\/nuevaweb\/wp-json\/wp\/v2\/users\/1"}],"replies":[{"embeddable":true,"href":"https:\/\/juzbado.es\/nuevaweb\/wp-json\/wp\/v2\/comments?post=1315"}],"version-history":[{"count":6,"href":"https:\/\/juzbado.es\/nuevaweb\/wp-json\/wp\/v2\/pages\/1315\/revisions"}],"predecessor-version":[{"id":1552,"href":"https:\/\/juzbado.es\/nuevaweb\/wp-json\/wp\/v2\/pages\/1315\/revisions\/1552"}],"wp:attachment":[{"href":"https:\/\/juzbado.es\/nuevaweb\/wp-json\/wp\/v2\/media?parent=1315"}],"curies":[{"name":"wp","href":"https:\/\/api.w.org\/{rel}","templated":true}]}}

<h3 class="wp-block-heading">PISCINAS 2025</h3>



<p>Este año abrimos las piscinas municipales de Juzbado desde el 14 de junio hasta el 7 de septiembre.&nbsp;&nbsp; Las nuevas tarifas actualizadas&nbsp;(entradas y abonos)&nbsp;están a vuestra disposición aquí abajo.&nbsp; Con respecto a los abonos se podrán retirar a partir del LUNES 9 DE JUNIO en el Ayuntamiento de Juzbado.</p>



<p><strong>INFORMACIÓN SOBRE LAS PISCINAS MUNICIPALES:</strong> 923 321336 (Ayuntamiento de Juzbado)</p>



<p><strong>INFORMACIÓN SOBRE EL BAR RESTAURANTE LAS PISCINAS:</strong> 615 76 73 14 / 618 85 62 37 (información y reservas)</p>



<figure class="wp-block-image size-large"><img loading="lazy" decoding="async" width="724" height="1024" src="https://juzbado.es/nuevaweb/wp-content/uploads/2025/06/cbf0103e-8b62-4f2f-883f-c294b8cfa283-724x1024.jpeg" alt="" class="wp-image-1523" srcset="https://juzbado.es/nuevaweb/wp-content/uploads/2025/06/cbf0103e-8b62-4f2f-883f-c294b8cfa283-724x1024.jpeg 724w, https://juzbado.es/nuevaweb/wp-content/uploads/2025/06/cbf0103e-8b62-4f2f-883f-c294b8cfa283-212x300.jpeg 212w, https://juzbado.es/nuevaweb/wp-content/uploads/2025/06/cbf0103e-8b62-4f2f-883f-c294b8cfa283-768x1086.jpeg 768w, https://juzbado.es/nuevaweb/wp-content/uploads/2025/06/cbf0103e-8b62-4f2f-883f-c294b8cfa283-1086x1536.jpeg 1086w, https://juzbado.es/nuevaweb/wp-content/uploads/2025/06/cbf0103e-8b62-4f2f-883f-c294b8cfa283-763x1080.jpeg 763w, https://juzbado.es/nuevaweb/wp-content/uploads/2025/06/cbf0103e-8b62-4f2f-883f-c294b8cfa283.jpeg 1131w" sizes="(max-width: 724px) 100vw, 724px" /></figure>



<p><strong><br><br></strong></p>



<p>Juzbado&nbsp;cuenta con unas&nbsp;instalaciones municipales para el baño durante la temporada de verano en el Complejo Deportivo de Los Berrocales.&nbsp;&nbsp;Además de las piscinas municpiales, el complejo deportivo&nbsp;<strong>ofrece varios equipamientos</strong>&nbsp;como un frontón, una cancha de futbito, un rocódromo para la práctica del&nbsp;<em>boulder</em>, aparatos biosaludables, un área de juego infantil y espacios naturalizados.</p>



<p></p>



<p><br>La piscina municipal cuenta con dos vasos, uno principal y un pediluvio para los más pequeños y que están a disposición de los vecinos y el público en general durante los meses de verano.&nbsp;&nbsp;Se trata de un recinto con césped y encinas con una superficie de más de media hectárea&nbsp;y que está situado&nbsp;sobre una atalaya granítica&nbsp;en el extremo occidental del pueblo.&nbsp; Un lugar que permite el encuentro, el ocio y el descanso de familias, amigos y grupos.</p>



<p>Las piscinas municipales disponen de&nbsp;<strong>vestuarios y cuartos de baño&nbsp;</strong><strong>adaptados y a</strong><strong>ccesibles</strong>.&nbsp; El vaso principal es accesible mediante rampa y tiene una superficie de casi 400 metros cuadrados. El recinto cuenta además con un&nbsp;<strong>pediluvio inf</strong><strong>antil</strong>&nbsp;circular y zona de playa perimetrada.&nbsp;&nbsp;Los espacios de playa más próximos a la piscina y aquellos que la rodean son de césped natural, están salpicados por encinas y brindan unas vistas inigualables de toda la ribera del río Tormes y de los paisajes del Campo Charro.<br>&nbsp;</p>



<figure class="wp-block-image"><a href="https://blogger.googleusercontent.com/img/b/R29vZ2xl/AVvXsEiJjzkc0NCVTr9ZRK3GjA4_u4-J8SKt8LZaAAC-kau0mH1EWnzMjogSFmvZdKR3lSOAQtVgIec0zqnx6hKchRTYCIBCVNzX4Qb-ikbTeC14x2Oifz1zJG0eCrWfcEP5Rmdn9gIQBxDp0UY/s623/banner+piscinas.png"><img decoding="async" src="https://blogger.googleusercontent.com/img/b/R29vZ2xl/AVvXsEiJjzkc0NCVTr9ZRK3GjA4_u4-J8SKt8LZaAAC-kau0mH1EWnzMjogSFmvZdKR3lSOAQtVgIec0zqnx6hKchRTYCIBCVNzX4Qb-ikbTeC14x2Oifz1zJG0eCrWfcEP5Rmdn9gIQBxDp0UY/w640-h428/banner+piscinas.png" alt=""/></a></figure>



<p>En la parte exterior del recinto podrás disfrutar además de dos grandes murales.&nbsp; el primero es el&nbsp;<strong><a href="http://juzbado.blogspot.com.es/2016/11/dialogos-con-la-naturaleza-y-el-arte-en.html" target="_blank" rel="noreferrer noopener">gran mural al aire libre titulado «Libro abierto de Juzbado»</a>&nbsp;</strong>realizado por los artistas&nbsp;<a href="http://juzbado.blogspot.com.es/2016/12/nuestro-libro-abierto-en-la-television.html" target="_blank" rel="noreferrer noopener">J</a><a href="http://juzbado.blogspot.com.es/2016/12/nuestro-libro-abierto-en-la-television.html" target="_blank" rel="noreferrer noopener">oaquín Vila y Pablo S. H</a><a href="http://juzbado.blogspot.com.es/2016/12/nuestro-libro-abierto-en-la-television.html" target="_blank" rel="noreferrer noopener">errero</a>.&nbsp; Y el segundo mural lo firmó&nbsp;<a href="https://www.instagram.com/artesprada/" target="_blank" rel="noreferrer noopener">ArtesPrada</a>&nbsp;en 2018 y se titula «El beso».</p>



<figure class="wp-block-gallery has-nested-images columns-default is-cropped wp-block-gallery-1 is-layout-flex wp-block-gallery-is-layout-flex">
<figure class="wp-block-image size-full"><img loading="lazy" decoding="async" width="400" height="300" data-id="1323" src="http://juzbado.es/nuevaweb/wp-content/uploads/2025/03/joaquin-vila-pablo-herrero-mural-juzbado-10-3.jpeg" alt="" class="wp-image-1323" srcset="https://juzbado.es/nuevaweb/wp-content/uploads/2025/03/joaquin-vila-pablo-herrero-mural-juzbado-10-3.jpeg 400w, https://juzbado.es/nuevaweb/wp-content/uploads/2025/03/joaquin-vila-pablo-herrero-mural-juzbado-10-3-300x225.jpeg 300w" sizes="(max-width: 400px) 100vw, 400px" /></figure>



<figure class="wp-block-image size-large"><img loading="lazy" decoding="async" width="403" height="227" data-id="1319" src="http://juzbado.es/nuevaweb/wp-content/uploads/2025/03/Mural-Juzbado-ArtesPrada.jpg" alt="" class="wp-image-1319" srcset="https://juzbado.es/nuevaweb/wp-content/uploads/2025/03/Mural-Juzbado-ArtesPrada.jpg 403w, https://juzbado.es/nuevaweb/wp-content/uploads/2025/03/Mural-Juzbado-ArtesPrada-300x169.jpg 300w" sizes="(max-width: 403px) 100vw, 403px" /></figure>



<figure class="wp-block-image size-large"><img loading="lazy" decoding="async" width="400" height="267" data-id="1320" src="http://juzbado.es/nuevaweb/wp-content/uploads/2025/03/DSC_4665-01-01.jpeg" alt="" class="wp-image-1320" srcset="https://juzbado.es/nuevaweb/wp-content/uploads/2025/03/DSC_4665-01-01.jpeg 400w, https://juzbado.es/nuevaweb/wp-content/uploads/2025/03/DSC_4665-01-01-300x200.jpeg 300w" sizes="(max-width: 400px) 100vw, 400px" /></figure>



<figure class="wp-block-image size-full"><img loading="lazy" decoding="async" width="402" height="268" data-id="1324" src="http://juzbado.es/nuevaweb/wp-content/uploads/2025/03/DSC_8467-01-1.jpeg" alt="" class="wp-image-1324" srcset="https://juzbado.es/nuevaweb/wp-content/uploads/2025/03/DSC_8467-01-1.jpeg 402w, https://juzbado.es/nuevaweb/wp-content/uploads/2025/03/DSC_8467-01-1-300x200.jpeg 300w" sizes="(max-width: 402px) 100vw, 402px" /></figure>
</figure>

<p>PISCINAS 2025 Este año abrimos las piscinas municipales de Juzbado desde el 14 de junio hasta el 7 de septiembre.&nbsp;&nbsp; Las nuevas tarifas actualizadas&nbsp;(entradas y abonos)&nbsp;están a vuestra disposición aquí abajo.&nbsp; Con respecto a los abonos se podrán retirar a partir del LUNES 9 DE JUNIO en el Ayuntamiento de Juzbado. INFORMACIÓN SOBRE LAS PISCINAS [&hellip;]</p>
